2). Calculate the highest common divisor of 12 and n.
12
Suppose 5*b = -3*f - f - 45, -20 = 4*b. Let a(m) = -3*m - 6. Let j be a(f). Let h = 16 - 10. What is the greatest common divisor of j and h?
3
Let h be 1/(-4) - (-9)/4. Let r = -3 + h. Let g = r - -9. Calculate the greatest common factor of 8 and g.
8
Suppose 10*u - 11*u = -7. What is the highest common divisor of 35 and u?
7
Suppose 21 = -9*y + 147. What is the highest common divisor of y and 7?
7
Let x(u) = -2*u + 4. Let h be x(-8). Calculate the greatest common factor of 140 and h.
20
Suppose 0 = -5*q + f - 48, -f = -5*q + f - 46. Let a = 15 + 6. Let x = a + q. Calculate the highest common factor of x and 99.
11
Suppose -11 - 3 = -2*h. Calculate the highest common factor of h and 14.
7
Let d(r) = -r**2 - 4*r - 2. Let w be d(-2). Suppose 4*y = w*y + 4. What is the highest common factor of y and 3?
1
Let o be (40/24)/(1/18). Calculate the greatest common factor of o and 10.
10
Suppose j - 38 = -3*n, 5*j + 0*j - 5*n - 170 = 0. Suppose -13 = -2*a - 3. Calculate the highest common divisor of j and a.
5
Let p(y) = y**3 + 2*y**2 - y - 1. Let k be p(-2). Let m be (-162)/(-8) + k/(-4). Calculate the highest common divisor of 50 and m.
10
Let t = -28 + 46. Suppose -t = -4*s + 38. Calculate the highest common factor of 56 and s.
14
Suppose 375 = -4*g + 9*g. Suppose 0 = -r - 2*r + g. Calculate the greatest common factor of 100 and r.
25
Suppose 5*a = 12 - 52. Let h(k) = -k**3 - 7*k**2 + 4*k - 11. Let s be h(a). What is the greatest common divisor of 14 and s?
7
Let v(f) = -f**3 - 7*f**2 - f - 3. Let a be v(-7). Let x(c) = -c. Let q be x(-4). Let g be -6*(1 - q/3). Calculate the greatest common divisor of g and a.
2
Let i(u) = -11*u + 4. Let x be i(-8). What is the highest common divisor of x and 23?
23
Let f be ((-143)/(-2))/((-1)/(-2)). Calculate the highest common factor of f and 11.
11
Let l be (-1 + -13)/((-28)/42). Calculate the greatest common divisor of l and 14.
7
Let p be 3/3*3 - 19. Let l = p - -24. Calculate the highest common factor of l and 12.
4
Let p be -2 + 22 + (2 + -1)*4. What is the highest common divisor of 56 and p?
8
Let r(w) = w**3 + 4*w**2 + w + 2. Let c(u) = -3*u + 3. Let x be c(2). Let t be r(x). What is the greatest common divisor of t and 2?
2
Let a(m) = -9*m + 3. Let q be a(-13). What is the greatest common divisor of q and 15?
15
Let o(g) = 15*g + 10*g**2 - 4 - 6*g + g**3 + 13 + 0*g**3. Let r be o(-6). What is the highest common divisor of 11 and r?
11
Let h(g) = g**2 - 2. Let q be h(2). Suppose q*a = 81 - 3. What is the highest common factor of 26 and a?
13
Suppose 22 = -5*b + t + 141, -3*t = -5*b + 117. Suppose 4*x + 3*p = 33, -3*x - 4*p - 12 = -7*x. What is the highest common factor of b and x?
6
Let d be 177/15 + 16/(-20). Calculate the greatest common divisor of 88 and d.
11
Let q = 3 + -1. Suppose -5*i = -2*h - 2 - q, -2*i - h + 7 = 0. Let m be 1 - (1 - 12*i). Calculate the greatest common factor of 3 and m.
3
Let d(l) = l**2 + 10*l - 39. Let a be d(-16). Calculate the greatest common factor of 38 and a.
19
Let u be 90/(-12)*(-6)/5. Suppose 0*g = 3*f + 2*g - 33, -3*g + 45 = 4*f. What is the highest common factor of u and f?
9
Let i be -1*(-30 + (0 - 2)). Suppose -121 = -5*x - 41. Calculate the highest common factor of i and x.
16
Let a = 1 - -62. What is the greatest common factor of 21 and a?
21
Suppose 142 = 7*w + 30. Calculate the greatest common divisor of w and 112.
16
Suppose 0*v = 2*v. Let u be 4/2 + (-2 - v). Suppose -3*h - 24 = -5*b, -5*b + u*b = -5*h - 30. What is the highest common divisor of 9 and b?
3
Let u(j) = j. Let i be u(-4). Let l = i + 8. Let t be l/(8/6) + -2. Calculate the highest common factor of t and 7.
1
Suppose 8 = 4*f - 2*f. Suppose 5*q = y + 75, 0 = -5*q - f*y - y + 75. Calculate the highest common divisor of 30 and q.
15
Let r = 23 + 10. What is the greatest common divisor of 11 and r?
11
Let u(i) = i**3 - 5*i**2 - 4*i - 8. Let q be u(6). Suppose -10*f = -9*f + 10. Let g be ((-16)/f)/(q/50). Calculate the highest common divisor of g and 220.
20
Let z(y) = -y + 1. Let k be z(-3). Suppose 14*x - 220 = 9*x. Calculate the highest common factor of x and k.
4
Let f be 3*-1 + (26 - 5). Calculate the highest common divisor of 18 and f.
18
Suppose -4*x + 15 - 7 = 2*c, 5*x - 35 = -5*c. Calculate the greatest common factor of 2 and c.
2
Let v = -6 - -12. Suppose 2*p - v - 8 = 0. What is the highest common factor of 49 and p?
7
Let o(v) = v + v + 2*v**2 + 5 + 0 + 3*v. Suppose -2*g + 2*y + 20 = -4*g, -4*y + 2 = -2*g. Let r be o(g). What is the highest common divisor of r and 17?
17
Suppose -23*s = -26*s + 36. Calculate the greatest common divisor of s and 36.
12
Let r = 382 + 352. Let a be (-30)/(-5) - (-1)/(-1). Suppose -a*p - 14 = -r. Calculate the greatest common factor of 16 and p.
16
Suppose 0*z = -4*z + 20. Let p(t) = -2*t**2 - 4 + t**2 + 10*t - 1. Let m be p(z). Calculate the greatest common factor of m and 30.
10
Let i be (-416)/(-14) + 4/14. Let d be ((-36)/(-10))/(9/i). Suppose -b + 90 = 3*n, 0 = -2*b + 3*n - 0*n + 198. Calculate the highest common divisor of b and d.
12
Let m(l) = 9*l. Let s be m(7). Suppose -3*j = j - 28. What is the greatest common divisor of s and j?
7
Let d(q) be the second derivative of -q**3/6 + 5*q**2 - q. Let g be 8 - (0 + (-6)/(-2)). Let a be d(g). Calculate the greatest common factor of 40 and a.
5
Let u = -3 - -5. Let l be u - 3/(1 + -4). Calculate the highest common divisor of l and 24.
3
Let f = 9 - 2. Let j be 0 + -3 + 28 + -2. Suppose 2*s - j = 47. Calculate the greatest common divisor of f and s.
7
Suppose n = -2*n + 63. Suppose -4*f = -2 - 6. Suppose 7*a = f*a + 70. What is the greatest common divisor of n and a?
7
Let x(o) = 6*o**3 + o**2 - 1. Let h be x(1). Let p be 192/h + -4 + 0. Let v = 11 - 7. Calculate the highest common divisor of p and v.
4
Suppose -27 = 4*b - 75. Suppose 21*y - 54 = 18*y. What is the greatest common factor of b and y?
6
Let c(a) = 8*a**2 - 5*a + 3. Let k be c(3). Let x(g) = g**2 + g. Let n be x(3). Calculate the highest common factor of n and k.
12
Suppose 9 = -4*f + 25. Calculate the highest common divisor of f and 4.
4
Let v be 42 + 6/(-1 - -3). Calculate the highest common divisor of 30 and v.
15
Let b(k) = -k**2 - 2*k + 3. Let g be b(-3). Suppose g = -2*i + 145 + 107. Let p be 3/(11/(-14) + 1). What is the greatest common factor of i and p?
14
Let l(j) = 11 - 11 - 2*j + 7*j**2. Let o be l(2). What is the highest common factor of o and 3?
3
Let f = -21 + 30. Calculate the greatest common factor of f and 9.
9
Let i be (-2 + 1)/((-2)/6). Let l(c) = c**2 + 4*c + 1. Let t be l(i). What is the greatest common factor of 22 and t?
22
Let y = -11 - -11. Suppose 5*b + 0*b - 360 = y. Calculate the highest common divisor of 9 and b.
9
Let u be (-1190)/(-9) - 4/18. What is the greatest common divisor of u and 12?
12
Suppose -2*o = -5*o + 315. Suppose -b + 6*b = 75. Let s = b + o. Calculate the highest common divisor of s and 15.
15
Let o(m) = 35*m**2 + m + 2. Let y be o(-1). Calculate the highest common factor of 18 and y.
18
Let j(m) = 45*m**3. Let q be j(1). Calculate the highest common divisor of q and 9.
9
Let q(x) = 21*x - 14. Let r be q(8). Calculate the greatest common factor of 14 and r.
14
Let x be 3*((-52)/(-12) + -1). What is the greatest common factor of 90 and x?
10
Suppose -4*h - 13 = -265. Calculate the greatest common factor of h and 9.
9
Let n(j) = j**2 - 16*j - 20. Let c be n(18). Let o = -17 + 33. What is the highest common factor of c and o?
16
Suppose -55 - 8 = 3*r. Let m = r + 37. What is the highest common divisor of m and 4?
4
Let a(y) = -y**3 + 6*y**2 - 6*y. Let k = -10 + 14. Let m be a(k). What is the greatest common divisor of m and 24?
8
Suppose 4*a - a - 3*s = 27, -4*a - 5*s = -63. Let o = a + -7. Calculate the highest common divisor of 2 and o.
1
Suppose 13 = v - 3. Let q(g) be the first derivative of -g**4/4 + 7*g**3/3 + 2*g**2 + 4*g - 1. Let j be q(6). What is the highest common divisor of j and v?
16
Let f be (2/4)/((-4)/(-120)). Suppose -4*k + 0*r = -3*r - 87, f = -3*r. Let g be ((-6)/8)/(2/(-120)). Calculate the highest common divisor of k and g.
9
Suppose -3*j + 36 = -2*m, -4*j - 9 = -3*m - 58. Let f be 5/(-1)*(3 - j). Let d = f - 15. What is